 u be ((-49)/(-21))/((-2)/(-6)). What is the greatest common divisor of 1 and u?
1
Let m be 87/(-12) - (-1)/4. Let r(h) = -2*h + 2. Let y be r(m). What is the greatest common factor of y and 2?
2
Suppose 47 = 7*w + 12. Calculate the highest common divisor of w and 10.
5
Suppose 84 = 2*x + 2*x. What is the greatest common divisor of x and 3?
3
Let v(p) = -34*p - 10. Let z be v(-1). What is the greatest common divisor of z and 6?
6
Let k be ((-4)/10)/((-1)/10). Let x = 7 - k. Suppose -3*z + 11 + x = -5*m, 36 = 5*z - 2*m. Calculate the highest common factor of 40 and z.
8
Suppose 6*p = 4*p + 8, 3*p = -5*c + 37. Let y be (-6)/(-10) - (-42)/c. Let r be (36/(-10))/(y/(-30)). What is the highest common factor of r and 18?
6
Suppose 4*z = -211 + 611. Let c be (-10)/(15/4 + -1 + -3). Calculate the highest common divisor of c and z.
20
Let r = 140 + -92. Calculate the highest common factor of 6 and r.
6
Suppose 6*t - 102 = 3*t + 2*j, -132 = -4*t + 4*j. Let l = -12 - 16. Let i = -4 - l. What is the highest common factor of i and t?
12
Let j = 24 + -8. Let l = 74 + j. What is the highest common divisor of 36 and l?
18
Let g be 4/16*-22*-2. Let n be 363/(-2)*2/(-3). What is the highest common factor of g and n?
11
Suppose 2231 = 5*x - 2824. Let d be x/2*4/6. Suppose 5*j - d = -37. What is the highest common factor of 12 and j?
12
Let q = 1 + -2. Let d = q - 0. Let l be d - ((-13)/1 - 0). What is the highest common factor of l and 12?
12
Let l(d) = 2*d + 4. Let i be l(10). What is the greatest common divisor of 60 and i?
12
Suppose 0 = 5*v, -l + 0*l - 5*v = -11. Suppose 4 - 37 = -3*s. Calculate the highest common divisor of s and l.
11
Suppose -2*b = -3*y + 1 - 4, 0 = -b + 3*y - 3. Let q(p) = p**2 - 2*p - 4. Let d be q(b). What is the greatest common divisor of 10 and d?
10
Let f(m) = 2*m - 6. Let d be f(6). Suppose 0 = -13*t + 12*t + 48. Calculate the greatest common divisor of t and d.
6
Let d = 28 - 8. Let o = 37 + 78. Let i = 215 - o. Calculate the greatest common factor of d and i.
20
Let o(l) = 3*l + 30. Let y be o(2). Calculate the greatest common divisor of y and 18.
18
Let j be (-6461)/(-56) + 9/(-24). What is the highest common divisor of j and 46?
23
Let g(f) = 2*f + 6. Let o be g(16). Calculate the greatest common divisor of o and 57.
19
Let q(u) = u**2 + u + 4. Let g be q(-4). What is the highest common divisor of 176 and g?
16
Suppose -3*c + 159 = -3*u, 4*c - u - 209 = 2*u. Let h(t) = t + 2. Let i be h(3). What is the greatest common divisor of i and c?
5
Let f be -2 - -3 - (14 - 0). Let s = f + 18. Suppose 5*q + 3*g = q + 86, -5*g = -4*q + 70. Calculate the greatest common factor of q and s.
5
Let a be (9 + 0)*(-3 + 5)*1. What is the greatest common factor of 36 and a?
18
Suppose -w - 2*w = -159. Suppose 2*o + 2*o + 5*y = 82, -2*y = 5*o - 111. Let t = w - o. Calculate the highest common divisor of 6 and t.
6
Let d = 13 + -11. Suppose -3*f + 180 = d*f. What is the greatest common divisor of 9 and f?
9
Suppose 0 = -5*q + 9*q - 5*m - 53, -5*m - 65 = -5*q. What is the highest common factor of q and 192?
12
Let q(w) = -2*w - 13. Let j(b) = b**2 - 12*b + 2. Let h be j(11). Let n be q(h). Calculate the greatest common factor of n and 1.
1
Let d(i) = -5*i + 3. Suppose 6 = -l - l. Let j be d(l). Let x = 122 + -77. What is the highest common divisor of j and x?
9
Let y(l) = -4*l + 2. Let d be y(-2). Calculate the greatest common factor of d and 1.
1
Suppose v - 95 = -29. Calculate the greatest common factor of 6 and v.
6
Let c(d) be the first derivative of -5*d**4/4 + 3*d**2/2 + 2*d + 3. Let j be c(-3). What is the highest common divisor of 16 and j?
16
Let g(t) = 2*t**2 - 8*t + 7. Let p be g(-7). Suppose -4*r = -2*w - 5 + 43, 5*w - 109 = 3*r. What is the highest common factor of w and p?
23
Let x(k) = -23*k. Let s be x(-1). Let c(b) = -2*b - 10. Let g be c(-7). Suppose -41 - s = -g*r. What is the highest common divisor of r and 16?
16
Suppose -600 = -3*i - 2*i. Suppose -5*v = -5*l + 70, 5*v - 6*v + 1 = 0. What is the highest common divisor of i and l?
15
Let k be ((-8)/3 + 0)*-3. Suppose -3*d = -7*d - 4. Let t = k - d. Calculate the greatest common divisor of 36 and t.
9
Let g(d) = -6*d**3 + d**2 - 3*d - 1. Let c be g(-2). What is the highest common factor of c and 19?
19
Let y = 12 + -28. Suppose -4*t = -3*g + 27, 0 = -g - g + 3*t + 19. Let q = g - y. What is the highest common divisor of 3 and q?
3
Let i(n) = 13*n + 4. Let l be i(-6). Let w be 2/(70/l - -1). Suppose 5*r + 4*d = w, -4*r + 3*d + 42 = -0*d. What is the greatest common divisor of r and 1?
1
Suppose -5*h - 2*i + 196 + 3 = 0, h = 5*i + 29. Calculate the greatest common factor of h and 351.
39
Let m(p) = -16*p + 3. Let z be m(-1). Calculate the highest common divisor of 95 and z.
19
Suppose -92 = -b - 3*b. What is the highest common divisor of b and 253?
23
Suppose -4*y = 40 - 160. Let a = y - 20. Suppose 0 = 4*k - 56 - 104. What is the highest common factor of a and k?
10
Suppose 5*x = -n + 8, -3*x = x + 4*n. Calculate the greatest common factor of 2 and x.
2
Let g(v) = -v + 14. Let n be g(9). Let w(c) = -3*c**3 + 4*c**2 + 2*c - 1. Let i be w(-2). Calculate the greatest common factor of n and i.
5
Let o be 7 + -3 + (-16)/(-4). Calculate the greatest common divisor of 20 and o.
4
Let y be (-8 + 3)*12/15. Let t be (-52)/y - (-2 - -5). Let o = 209 - 99. What is the highest common divisor of o and t?
10
Suppose 5*z - 86 = 34. What is the greatest common divisor of 216 and z?
24
Let z be ((-9)/18)/((-1)/140). What is the highest common factor of 14 and z?
14
Let j(t) = 4*t**2 - 2 - 4*t + 0*t - t. Let u be j(4). Suppose s - 2*s = -u. Calculate the greatest common divisor of 21 and s.
21
Let z = 32 - 8. What is the greatest common factor of z and 6?
6
Let q(k) = 3*k**2 + 7*k + 12. Let c be q(-8). Calculate the highest common factor of c and 37.
37
Let q = -2 + 6. Suppose x - q = 2. What is the greatest common divisor of 4 and x?
2
Suppose -2*p = -7*p + 45. Let x(w) = 2*w - 4. Let b be x(4). Let v = p - b. Calculate the highest common divisor of 1 and v.
1
Let a(f) = -11*f + 8. Let q be a(-5). Calculate the greatest common divisor of 7 and q.
7
Suppose 0 = 3*w - 9, 4*w + 26 - 254 = -3*h. Suppose -h = 2*k - 3*k. What is the highest common divisor of 9 and k?
9
Let o be 1*(6/3 - 3)*-2. Calculate the highest common divisor of o and 1.
1
Let i = 187 - 77. Calculate the greatest common factor of i and 22.
22
Let o = 7 + -2. Suppose -o*j + 3*j + 16 = 0. What is the highest common divisor of j and 64?
8
Let q be (-4 - 1) + (8 - -2). Let x = -2 + 4. Calculate the greatest common divisor of q and x.
1
Suppose 4*w - 3*w - 11 = 0. Let s be (2/1 - 1) + 32. What is the greatest common divisor of s and w?
11
Let h(j) = j + 2. Suppose 0 = -3*t + t + 10. Let k be h(t). Calculate the greatest common divisor of 49 and k.
7
Suppose -145 = 5*c - z, 4*c - z = -147 + 31. Let m = 18 + 24. Let w = m + c. What is the greatest common factor of 65 and w?
13
Let w = -104 - -192. Let b = 3 + -3. Suppose 3*m = -b*m + 33. Calculate the greatest common factor of w and m.
11
Let b(m) = m**3 + 8*m**2 - 9*m - 7. Suppose -5*j - 51 + 11 = 0. Let t be b(j). Calculate the highest common divisor of t and 26.
13
Let y be 0*(-3)/(-2 - -5). Suppose 4*g - 46 = -3*r, 2*r = -4*g - y*r + 44. What is the highest common factor of g and 70?
10
Let k be 23 - (-1 + 0/(-3)). What is the greatest common factor of 12 and k?
12
Let g(r) = -r - 11. Let b(c) = 1. Let q(j) = 3*b(j) - g(j). Let t be q(0). Calculate the greatest common divisor of 35 and t.
7
Let a be (17/(-3))/((-2)/18). Suppose 3*n - 85 = -2*n. Calculate the greatest common divisor of n and a.
17
Let f be ((-6)/(-5))/(3/70). Calculate the highest common divisor of f and 42.
14
Suppose 0 = -5*b + 2*t + 218, 2*b - 5*t - 62 = b. Suppose 2*a = -3*a + 85. Suppose 2*p - 11 = a. Calculate the highest common divisor of p and b.
14
Let s = 0 + -1. Let u be 8 + (0 - s) - -1. Let r = -504 - -524. Calculate the greatest common divisor of r and u.
10
Let i be 9 + (-4 - -5) + -3. Calculate the greatest common divisor of 35 and i.
7
Suppose -23 - 105 = -4*v. Let j be (-8)/(-10)*(-155)/2. Let x = j - -110. Calculate the greatest common divisor of x and v.
16
Let u(k) = 17*k - 21. Let s(f) = 4*f - 5.